{"id":1529,"date":"2025-07-01T07:04:07","date_gmt":"2025-07-01T05:04:07","guid":{"rendered":"https:\/\/jijitattoo.com\/?post_type=product&#038;p=1529"},"modified":"2026-01-28T01:55:24","modified_gmt":"2026-01-28T01:55:24","slug":"advanced-snail-96-mucin-power-essence-cosrx","status":"publish","type":"product","link":"https:\/\/jijitattoo.com\/?product=advanced-snail-96-mucin-power-essence-cosrx","title":{"rendered":"Advanced Snail 96 Mucin Power Essence \u2013 COSRX"},"content":{"rendered":"<p>Ultra-concentr\u00e9e \u00e0 96% de mucine d\u2019escargot, cette essence booste la r\u00e9g\u00e9n\u00e9ration cellulaire et r\u00e9pare la peau en profondeur. Parfaite pour les teints ternes, les cicatrices et la d\u00e9shydratation, elle laisse la peau lisse, souple et \u00e9clatante. Son application avant le s\u00e9rum maximise l\u2019absorption des soins suivants. Une p\u00e9pite cor\u00e9enne \u00e0 int\u00e9grer dans votre routine beaut\u00e9. R\u00e9sultat visible d\u00e8s les premi\u00e8res semaines<\/p>\n","protected":false},"excerpt":{"rendered":"<p>Ultra-concentr\u00e9e \u00e0 96% de mucine d\u2019escargot, cette essence booste la r\u00e9g\u00e9n\u00e9ration cellulaire et r\u00e9pare la peau en profondeur. Parfaite pour les teints ternes, les cicatrices et la d\u00e9shydratation, elle laisse la peau lisse, souple et \u00e9clatante. Son application avant le s\u00e9rum maximise l\u2019absorption des soins suivants. Une p\u00e9pite cor\u00e9enne \u00e0 int\u00e9grer dans votre routine beaut\u00e9. [&hellip;]<\/p>\n","protected":false},"featured_media":1530,"comment_status":"open","ping_status":"closed","template":"","meta":[],"product_brand":[],"product_cat":[15],"product_tag":[],"class_list":{"0":"post-1529","1":"product","2":"type-product","3":"status-publish","4":"has-post-thumbnail","6":"product_cat-uncategorized","8":"first","9":"instock","10":"shipping-taxable","11":"purchasable","12":"product-type-simple"},"supplier_id":null,"supplier_sku":"","barcode":null,"atum_controlled":true,"out_stock_date":null,"out_stock_threshold":null,"inheritable":false,"inbound_stock":0,"stock_on_hold":4,"sold_today":0,"sales_last_days":0,"reserved_stock":0,"customer_returns":0,"warehouse_damage":0,"lost_in_post":0,"other_logs":0,"out_stock_days":0,"lost_sales":0,"has_location":false,"update_date":"2026-04-10T05:58:46","atum_locations":[],"atum_stock_status":"instock","restock_status":false,"low_stock_amount":"","sales_update_date":"2026-04-10T05:58:46","calc_backorders":0,"_links":{"self":[{"href":"https:\/\/jijitattoo.com\/index.php?rest_route=\/wp\/v2\/product\/1529","targetHints":{"allow":["GET"]}}],"collection":[{"href":"https:\/\/jijitattoo.com\/index.php?rest_route=\/wp\/v2\/product"}],"about":[{"href":"https:\/\/jijitattoo.com\/index.php?rest_route=\/wp\/v2\/types\/product"}],"replies":[{"embeddable":true,"href":"https:\/\/jijitattoo.com\/index.php?rest_route=%2Fwp%2Fv2%2Fcomments&post=1529"}],"wp:featuredmedia":[{"embeddable":true,"href":"https:\/\/jijitattoo.com\/index.php?rest_route=\/wp\/v2\/media\/1530"}],"wp:attachment":[{"href":"https:\/\/jijitattoo.com\/index.php?rest_route=%2Fwp%2Fv2%2Fmedia&parent=1529"}],"wp:term":[{"taxonomy":"product_brand","embeddable":true,"href":"https:\/\/jijitattoo.com\/index.php?rest_route=%2Fwp%2Fv2%2Fproduct_brand&post=1529"},{"taxonomy":"product_cat","embeddable":true,"href":"https:\/\/jijitattoo.com\/index.php?rest_route=%2Fwp%2Fv2%2Fproduct_cat&post=1529"},{"taxonomy":"product_tag","embeddable":true,"href":"https:\/\/jijitattoo.com\/index.php?rest_route=%2Fwp%2Fv2%2Fproduct_tag&post=1529"}],"curies":[{"name":"wp","href":"https:\/\/api.w.org\/{rel}","templated":true}]}}