{"id":1592,"date":"2025-07-01T08:32:31","date_gmt":"2025-07-01T06:32:31","guid":{"rendered":"https:\/\/jijitattoo.com\/?post_type=product&#038;p=1592"},"modified":"2025-08-22T13:41:13","modified_gmt":"2025-08-22T13:41:13","slug":"birch-juice-moisturizing-sun-cream-spf50-pa","status":"publish","type":"product","link":"https:\/\/jijitattoo.com\/?product=birch-juice-moisturizing-sun-cream-spf50-pa","title":{"rendered":"Birch Juice Moisturizing Sun Cream SPF50+ PA++++"},"content":{"rendered":"<p>Cr\u00e8me solaire ultra-hydratante \u00e0 la s\u00e8ve de bouleau, avec tr\u00e8s haute protection UV.<br data-start=\"4203\" data-end=\"4206\" \/>Formule l\u00e9g\u00e8re, sans effet gras, id\u00e9ale pour les peaux s\u00e8ches ou sensibles.<br data-start=\"4281\" data-end=\"4284\" \/>Apaise, rafra\u00eechit et prot\u00e8ge du vieillissement pr\u00e9matur\u00e9 caus\u00e9 par le soleil.<br data-start=\"4362\" data-end=\"4365\" \/>Peut remplacer une cr\u00e8me de jour hydratante classique.<br data-start=\"4419\" data-end=\"4422\" \/>Un soin complet pour allier protection solaire et confort quotidien.<\/p>\n","protected":false},"excerpt":{"rendered":"<p>Cr\u00e8me solaire ultra-hydratante \u00e0 la s\u00e8ve de bouleau, avec tr\u00e8s haute protection UV.Formule l\u00e9g\u00e8re, sans effet gras, id\u00e9ale pour les peaux s\u00e8ches ou sensibles.Apaise, rafra\u00eechit et prot\u00e8ge du vieillissement pr\u00e9matur\u00e9 caus\u00e9 par le soleil.Peut remplacer une cr\u00e8me de jour hydratante classique.Un soin complet pour allier protection solaire et confort quotidien.<\/p>\n","protected":false},"featured_media":1593,"comment_status":"open","ping_status":"closed","template":"","meta":[],"product_brand":[],"product_cat":[15],"product_tag":[],"class_list":{"0":"post-1592","1":"product","2":"type-product","3":"status-publish","4":"has-post-thumbnail","6":"product_cat-uncategorized","8":"first","9":"outofstock","10":"shipping-taxable","11":"purchasable","12":"product-type-simple"},"supplier_id":null,"supplier_sku":"","barcode":null,"atum_controlled":true,"out_stock_date":"2025-08-22 13:41:13","out_stock_threshold":null,"inheritable":false,"inbound_stock":0,"stock_on_hold":0,"sold_today":0,"sales_last_days":0,"reserved_stock":0,"customer_returns":0,"warehouse_damage":0,"lost_in_post":0,"other_logs":0,"out_stock_days":228,"lost_sales":0,"has_location":false,"update_date":"2026-04-08T04:59:25","atum_locations":[],"atum_stock_status":"outofstock","restock_status":false,"low_stock_amount":"","sales_update_date":"2026-04-08T04:59:25","calc_backorders":null,"_links":{"self":[{"href":"https:\/\/jijitattoo.com\/index.php?rest_route=\/wp\/v2\/product\/1592","targetHints":{"allow":["GET"]}}],"collection":[{"href":"https:\/\/jijitattoo.com\/index.php?rest_route=\/wp\/v2\/product"}],"about":[{"href":"https:\/\/jijitattoo.com\/index.php?rest_route=\/wp\/v2\/types\/product"}],"replies":[{"embeddable":true,"href":"https:\/\/jijitattoo.com\/index.php?rest_route=%2Fwp%2Fv2%2Fcomments&post=1592"}],"wp:featuredmedia":[{"embeddable":true,"href":"https:\/\/jijitattoo.com\/index.php?rest_route=\/wp\/v2\/media\/1593"}],"wp:attachment":[{"href":"https:\/\/jijitattoo.com\/index.php?rest_route=%2Fwp%2Fv2%2Fmedia&parent=1592"}],"wp:term":[{"taxonomy":"product_brand","embeddable":true,"href":"https:\/\/jijitattoo.com\/index.php?rest_route=%2Fwp%2Fv2%2Fproduct_brand&post=1592"},{"taxonomy":"product_cat","embeddable":true,"href":"https:\/\/jijitattoo.com\/index.php?rest_route=%2Fwp%2Fv2%2Fproduct_cat&post=1592"},{"taxonomy":"product_tag","embeddable":true,"href":"https:\/\/jijitattoo.com\/index.php?rest_route=%2Fwp%2Fv2%2Fproduct_tag&post=1592"}],"curies":[{"name":"wp","href":"https:\/\/api.w.org\/{rel}","templated":true}]}}