{"id":2086,"date":"2025-10-14T11:49:21","date_gmt":"2025-10-14T11:49:21","guid":{"rendered":"https:\/\/jijitattoo.com\/?post_type=product&#038;p=2086"},"modified":"2025-10-14T11:49:47","modified_gmt":"2025-10-14T11:49:47","slug":"medicube-collagen-jelly-cream","status":"publish","type":"product","link":"https:\/\/jijitattoo.com\/?product=medicube-collagen-jelly-cream","title":{"rendered":"medicube collagen jelly cream"},"content":{"rendered":"<h3><strong>Medicube Collagen Jelly Cream<\/strong><\/h3>\n<p>La <strong>Collagen Jelly Cream<\/strong> de <strong>Medicube<\/strong> est une cr\u00e8me l\u00e9g\u00e8re et g\u00e9lifi\u00e9e qui <strong>hydrate en profondeur<\/strong> tout en <strong>repulpant la peau<\/strong> gr\u00e2ce \u00e0 sa forte teneur en <strong>collag\u00e8ne marin<\/strong>. Sa texture unique, rafra\u00eechissante et non grasse, p\u00e9n\u00e8tre rapidement pour nourrir la peau, am\u00e9liorer son \u00e9lasticit\u00e9 et lisser les ridules. Id\u00e9ale pour les peaux fatigu\u00e9es ou d\u00e9vitalis\u00e9es, elle laisse la peau douce, rebondie et visiblement plus ferme.<\/p>\n<p><strong>Bienfaits :<\/strong><\/p>\n<ul>\n<li>Hydrate intens\u00e9ment et repulpe la peau<\/li>\n<li>Am\u00e9liore l\u2019<strong>\u00e9lasticit\u00e9<\/strong> et r\u00e9duit l\u2019apparence des <strong>ridules<\/strong><\/li>\n<li>Lisse et adoucit le <strong>grain de peau<\/strong><\/li>\n<li>Texture l\u00e9g\u00e8re et rafra\u00eechissante, id\u00e9ale pour tous les types de peau<\/li>\n<li>Convient aux peaux sensibles et d\u00e9shydrat\u00e9es<\/li>\n<\/ul>\n<p><strong>Conseils d\u2019utilisation :<\/strong><br \/>\nAppliquez matin et soir sur une peau propre et tonifi\u00e9e.<br \/>\n\u00c9talez doucement sur le visage et le cou jusqu\u2019\u00e0 absorption compl\u00e8te.<br \/>\nPeut \u00eatre utilis\u00e9 seul ou apr\u00e8s un s\u00e9rum pour un effet hydratant renforc\u00e9.<\/p>\n<p>&nbsp;<\/p>\n","protected":false},"excerpt":{"rendered":"<p>Medicube Collagen Jelly Cream La Collagen Jelly Cream de Medicube est une cr\u00e8me l\u00e9g\u00e8re et g\u00e9lifi\u00e9e qui hydrate en profondeur tout en repulpant la peau gr\u00e2ce \u00e0 sa forte teneur en collag\u00e8ne marin. Sa texture unique, rafra\u00eechissante et non grasse, p\u00e9n\u00e8tre rapidement pour nourrir la peau, am\u00e9liorer son \u00e9lasticit\u00e9 et lisser les ridules. Id\u00e9ale pour [&hellip;]<\/p>\n","protected":false},"featured_media":2087,"comment_status":"open","ping_status":"closed","template":"","meta":[],"product_brand":[],"product_cat":[15],"product_tag":[],"class_list":{"0":"post-2086","1":"product","2":"type-product","3":"status-publish","4":"has-post-thumbnail","6":"product_cat-uncategorized","8":"first","9":"instock","10":"shipping-taxable","11":"product-type-simple"},"supplier_id":null,"supplier_sku":"","barcode":null,"atum_controlled":true,"out_stock_date":null,"out_stock_threshold":null,"inheritable":false,"inbound_stock":null,"stock_on_hold":0,"sold_today":0,"sales_last_days":0,"reserved_stock":null,"customer_returns":null,"warehouse_damage":null,"lost_in_post":null,"other_logs":null,"out_stock_days":0,"lost_sales":0,"has_location":false,"update_date":"2026-04-10T05:58:46","atum_locations":[],"atum_stock_status":"instock","restock_status":false,"low_stock_amount":"","sales_update_date":"2026-04-10T05:58:46","calc_backorders":null,"_links":{"self":[{"href":"https:\/\/jijitattoo.com\/index.php?rest_route=\/wp\/v2\/product\/2086","targetHints":{"allow":["GET"]}}],"collection":[{"href":"https:\/\/jijitattoo.com\/index.php?rest_route=\/wp\/v2\/product"}],"about":[{"href":"https:\/\/jijitattoo.com\/index.php?rest_route=\/wp\/v2\/types\/product"}],"replies":[{"embeddable":true,"href":"https:\/\/jijitattoo.com\/index.php?rest_route=%2Fwp%2Fv2%2Fcomments&post=2086"}],"wp:featuredmedia":[{"embeddable":true,"href":"https:\/\/jijitattoo.com\/index.php?rest_route=\/wp\/v2\/media\/2087"}],"wp:attachment":[{"href":"https:\/\/jijitattoo.com\/index.php?rest_route=%2Fwp%2Fv2%2Fmedia&parent=2086"}],"wp:term":[{"taxonomy":"product_brand","embeddable":true,"href":"https:\/\/jijitattoo.com\/index.php?rest_route=%2Fwp%2Fv2%2Fproduct_brand&post=2086"},{"taxonomy":"product_cat","embeddable":true,"href":"https:\/\/jijitattoo.com\/index.php?rest_route=%2Fwp%2Fv2%2Fproduct_cat&post=2086"},{"taxonomy":"product_tag","embeddable":true,"href":"https:\/\/jijitattoo.com\/index.php?rest_route=%2Fwp%2Fv2%2Fproduct_tag&post=2086"}],"curies":[{"name":"wp","href":"https:\/\/api.w.org\/{rel}","templated":true}]}}