{"id":2183,"date":"2025-10-23T08:02:43","date_gmt":"2025-10-23T08:02:43","guid":{"rendered":"https:\/\/jijitattoo.com\/?post_type=product&#038;p=2183"},"modified":"2025-10-23T08:05:10","modified_gmt":"2025-10-23T08:05:10","slug":"2183","status":"publish","type":"product","link":"https:\/\/jijitattoo.com\/?product=2183","title":{"rendered":"Topicrem Ultra Hydratant \u2013 Cr\u00e8me Hydratante Intense"},"content":{"rendered":"<p><strong>Topicrem Ultra Hydratant \u2013 Cr\u00e8me Hydratante Intense<\/strong><\/p>\n<p>Offrez \u00e0 votre peau une hydratation longue dur\u00e9e avec la <strong>cr\u00e8me Ultra Hydratant<\/strong> de <strong>Topicrem<\/strong>. Formul\u00e9e pour les peaux s\u00e8ches \u00e0 tr\u00e8s s\u00e8ches, cette cr\u00e8me nourrit intens\u00e9ment, r\u00e9pare la barri\u00e8re cutan\u00e9e et pr\u00e9vient la d\u00e9shydratation.<\/p>\n<p>Sa formule enrichie en <strong>glyc\u00e9rine<\/strong>, <strong>beurre de karit\u00e9<\/strong> et <strong>huile v\u00e9g\u00e9tale<\/strong> apporte un confort imm\u00e9diat et durable, tout en laissant la peau douce et souple. Sa texture riche mais non collante p\u00e9n\u00e8tre rapidement, id\u00e9ale pour toute la famille, m\u00eame les peaux sensibles des enfants.<\/p>\n<p>\u2714 Hydratation intense et durable<br \/>\n\u2714 Apaise les sensations de tiraillement et de s\u00e9cheresse<br \/>\n\u2714 Prot\u00e8ge et renforce la barri\u00e8re cutan\u00e9e<br \/>\n\u2714 Convient aux peaux s\u00e8ches, sensibles et fragiles<\/p>\n<p><strong>R\u00e9sultat :<\/strong> une peau nourrie, douce et confortable tout au long de la journ\u00e9e.<\/p>\n<p>&nbsp;<\/p>\n","protected":false},"excerpt":{"rendered":"<p>Topicrem Ultra Hydratant \u2013 Cr\u00e8me Hydratante Intense Offrez \u00e0 votre peau une hydratation longue dur\u00e9e avec la cr\u00e8me Ultra Hydratant de Topicrem. Formul\u00e9e pour les peaux s\u00e8ches \u00e0 tr\u00e8s s\u00e8ches, cette cr\u00e8me nourrit intens\u00e9ment, r\u00e9pare la barri\u00e8re cutan\u00e9e et pr\u00e9vient la d\u00e9shydratation. Sa formule enrichie en glyc\u00e9rine, beurre de karit\u00e9 et huile v\u00e9g\u00e9tale apporte un [&hellip;]<\/p>\n","protected":false},"featured_media":2184,"comment_status":"open","ping_status":"closed","template":"","meta":[],"product_brand":[],"product_cat":[15],"product_tag":[],"class_list":{"0":"post-2183","1":"product","2":"type-product","3":"status-publish","4":"has-post-thumbnail","6":"product_cat-uncategorized","8":"first","9":"instock","10":"shipping-taxable","11":"product-type-simple"},"supplier_id":null,"supplier_sku":"","barcode":null,"atum_controlled":true,"out_stock_date":null,"out_stock_threshold":null,"inheritable":false,"inbound_stock":null,"stock_on_hold":0,"sold_today":0,"sales_last_days":0,"reserved_stock":null,"customer_returns":null,"warehouse_damage":null,"lost_in_post":null,"other_logs":null,"out_stock_days":0,"lost_sales":0,"has_location":false,"update_date":"2026-04-10T05:58:46","atum_locations":[],"atum_stock_status":"instock","restock_status":false,"low_stock_amount":"","sales_update_date":"2026-04-10T05:58:46","calc_backorders":null,"_links":{"self":[{"href":"https:\/\/jijitattoo.com\/index.php?rest_route=\/wp\/v2\/product\/2183","targetHints":{"allow":["GET"]}}],"collection":[{"href":"https:\/\/jijitattoo.com\/index.php?rest_route=\/wp\/v2\/product"}],"about":[{"href":"https:\/\/jijitattoo.com\/index.php?rest_route=\/wp\/v2\/types\/product"}],"replies":[{"embeddable":true,"href":"https:\/\/jijitattoo.com\/index.php?rest_route=%2Fwp%2Fv2%2Fcomments&post=2183"}],"wp:featuredmedia":[{"embeddable":true,"href":"https:\/\/jijitattoo.com\/index.php?rest_route=\/wp\/v2\/media\/2184"}],"wp:attachment":[{"href":"https:\/\/jijitattoo.com\/index.php?rest_route=%2Fwp%2Fv2%2Fmedia&parent=2183"}],"wp:term":[{"taxonomy":"product_brand","embeddable":true,"href":"https:\/\/jijitattoo.com\/index.php?rest_route=%2Fwp%2Fv2%2Fproduct_brand&post=2183"},{"taxonomy":"product_cat","embeddable":true,"href":"https:\/\/jijitattoo.com\/index.php?rest_route=%2Fwp%2Fv2%2Fproduct_cat&post=2183"},{"taxonomy":"product_tag","embeddable":true,"href":"https:\/\/jijitattoo.com\/index.php?rest_route=%2Fwp%2Fv2%2Fproduct_tag&post=2183"}],"curies":[{"name":"wp","href":"https:\/\/api.w.org\/{rel}","templated":true}]}}