{"id":2199,"date":"2025-12-27T18:15:23","date_gmt":"2025-12-27T18:15:23","guid":{"rendered":"https:\/\/jijitattoo.com\/?post_type=product&#038;p=2199"},"modified":"2025-12-27T18:31:11","modified_gmt":"2025-12-27T18:31:11","slug":"dual-essence-corsx","status":"publish","type":"product","link":"https:\/\/jijitattoo.com\/?product=dual-essence-corsx","title":{"rendered":"Dual Essence Corsx"},"content":{"rendered":"<p>Le <strong data-start=\"391\" data-end=\"407\">Dual Essence<\/strong> de COSRX est une essence <em data-start=\"433\" data-end=\"441\">2-en-1<\/em> qui combine deux formules compl\u00e9mentaires en une seule pompe : une phase hydratante \u00e0 base de mucine d\u2019escargot (snail mucin) et une phase enrichie en niacinamide et autres actifs \u00e9claircissants. Lors de l\u2019application, les deux essences se m\u00e9langent pour apporter \u00e0 la fois <strong data-start=\"716\" data-end=\"779\">hydratation profonde, \u00e9clat du teint et soin anti-\u00e2ge l\u00e9ger<\/strong> sans sensation collante.<br \/>\nConvient \u00e0 <em data-start=\"2624\" data-end=\"2644\">tous types de peau<\/em>, y compris <strong data-start=\"2656\" data-end=\"2675\">peaux sensibles<\/strong>, et particuli\u00e8rement utile pour celles qui souhaitent une <strong data-start=\"2734\" data-end=\"2806\">hydratation profonde, un teint plus lumineux et une peau plus souple<\/strong> avec un seul produit.<\/p>\n","protected":false},"excerpt":{"rendered":"<p>Le Dual Essence de COSRX est une essence 2-en-1 qui combine deux formules compl\u00e9mentaires en une seule pompe : une phase hydratante \u00e0 base de mucine d\u2019escargot (snail mucin) et une phase enrichie en niacinamide et autres actifs \u00e9claircissants. Lors de l\u2019application, les deux essences se m\u00e9langent pour apporter \u00e0 la fois hydratation profonde, \u00e9clat [&hellip;]<\/p>\n","protected":false},"featured_media":2200,"comment_status":"open","ping_status":"closed","template":"","meta":[],"product_brand":[],"product_cat":[15],"product_tag":[],"class_list":{"0":"post-2199","1":"product","2":"type-product","3":"status-publish","4":"has-post-thumbnail","6":"product_cat-uncategorized","8":"first","9":"instock","10":"shipping-taxable","11":"purchasable","12":"product-type-simple"},"supplier_id":null,"supplier_sku":"","barcode":null,"atum_controlled":true,"out_stock_date":null,"out_stock_threshold":null,"inheritable":false,"inbound_stock":null,"stock_on_hold":0,"sold_today":0,"sales_last_days":0,"reserved_stock":null,"customer_returns":null,"warehouse_damage":null,"lost_in_post":null,"other_logs":null,"out_stock_days":0,"lost_sales":0,"has_location":false,"update_date":"2026-04-10T05:58:46","atum_locations":[],"atum_stock_status":"instock","restock_status":false,"low_stock_amount":"","sales_update_date":"2026-04-10T05:58:46","calc_backorders":null,"_links":{"self":[{"href":"https:\/\/jijitattoo.com\/index.php?rest_route=\/wp\/v2\/product\/2199","targetHints":{"allow":["GET"]}}],"collection":[{"href":"https:\/\/jijitattoo.com\/index.php?rest_route=\/wp\/v2\/product"}],"about":[{"href":"https:\/\/jijitattoo.com\/index.php?rest_route=\/wp\/v2\/types\/product"}],"replies":[{"embeddable":true,"href":"https:\/\/jijitattoo.com\/index.php?rest_route=%2Fwp%2Fv2%2Fcomments&post=2199"}],"wp:featuredmedia":[{"embeddable":true,"href":"https:\/\/jijitattoo.com\/index.php?rest_route=\/wp\/v2\/media\/2200"}],"wp:attachment":[{"href":"https:\/\/jijitattoo.com\/index.php?rest_route=%2Fwp%2Fv2%2Fmedia&parent=2199"}],"wp:term":[{"taxonomy":"product_brand","embeddable":true,"href":"https:\/\/jijitattoo.com\/index.php?rest_route=%2Fwp%2Fv2%2Fproduct_brand&post=2199"},{"taxonomy":"product_cat","embeddable":true,"href":"https:\/\/jijitattoo.com\/index.php?rest_route=%2Fwp%2Fv2%2Fproduct_cat&post=2199"},{"taxonomy":"product_tag","embeddable":true,"href":"https:\/\/jijitattoo.com\/index.php?rest_route=%2Fwp%2Fv2%2Fproduct_tag&post=2199"}],"curies":[{"name":"wp","href":"https:\/\/api.w.org\/{rel}","templated":true}]}}