{"id":2233,"date":"2025-12-27T19:25:27","date_gmt":"2025-12-27T19:25:27","guid":{"rendered":"https:\/\/jijitattoo.com\/?post_type=product&#038;p=2233"},"modified":"2025-12-27T19:25:27","modified_gmt":"2025-12-27T19:25:27","slug":"cosrx-acide-hyaluronique-intensive-creme","status":"publish","type":"product","link":"https:\/\/jijitattoo.com\/?product=cosrx-acide-hyaluronique-intensive-creme","title":{"rendered":"Cosrx Acide Hyaluronique Intensive Cr\u00e8me"},"content":{"rendered":"<p>Une <strong data-start=\"445\" data-end=\"484\">cr\u00e8me visage intens\u00e9ment hydratante<\/strong> qui aide \u00e0 <strong data-start=\"496\" data-end=\"544\">augmenter et retenir l\u2019humidit\u00e9 dans la peau<\/strong>, pour une texture plus <strong data-start=\"568\" data-end=\"597\">souple, douce et rebondie<\/strong> sans sensation lourde ni grasse. Elle est parfaite pour <strong data-start=\"654\" data-end=\"679\">sceller l\u2019hydratation<\/strong> apr\u00e8s les soins (essence\/toner) et prot\u00e9ger la peau contre la d\u00e9shydratation.<\/p>\n<p data-start=\"3027\" data-end=\"3429\">Id\u00e9ale pour les <strong data-start=\"3045\" data-end=\"3077\">peaux s\u00e8ches ou d\u00e9shydrat\u00e9es<\/strong>, les zones qui tirent ou manquent de souplesse.<br data-start=\"3165\" data-end=\"3168\" \/>\u00a0Convient aussi aux <strong data-start=\"3189\" data-end=\"3216\">peaux normales \u00e0 mixtes<\/strong> qui veulent plus d\u2019hydratation sans effet gras.<br data-start=\"3304\" data-end=\"3307\" \/>Peut aider \u00e0 <strong data-start=\"3322\" data-end=\"3358\">att\u00e9nuer l\u2019apparence des ridules<\/strong> caus\u00e9es par la d\u00e9shydratation.<\/p>\n","protected":false},"excerpt":{"rendered":"<p>Une cr\u00e8me visage intens\u00e9ment hydratante qui aide \u00e0 augmenter et retenir l\u2019humidit\u00e9 dans la peau, pour une texture plus souple, douce et rebondie sans sensation lourde ni grasse. Elle est parfaite pour sceller l\u2019hydratation apr\u00e8s les soins (essence\/toner) et prot\u00e9ger la peau contre la d\u00e9shydratation. Id\u00e9ale pour les peaux s\u00e8ches ou d\u00e9shydrat\u00e9es, les zones qui [&hellip;]<\/p>\n","protected":false},"featured_media":2235,"comment_status":"open","ping_status":"closed","template":"","meta":[],"product_brand":[],"product_cat":[15],"product_tag":[],"class_list":{"0":"post-2233","1":"product","2":"type-product","3":"status-publish","4":"has-post-thumbnail","6":"product_cat-uncategorized","8":"first","9":"outofstock","10":"shipping-taxable","11":"purchasable","12":"product-type-simple"},"supplier_id":null,"supplier_sku":"","barcode":null,"atum_controlled":true,"out_stock_date":null,"out_stock_threshold":null,"inheritable":false,"inbound_stock":null,"stock_on_hold":0,"sold_today":0,"sales_last_days":0,"reserved_stock":null,"customer_returns":null,"warehouse_damage":null,"lost_in_post":null,"other_logs":null,"out_stock_days":0,"lost_sales":0,"has_location":false,"update_date":"2026-04-10T05:58:46","atum_locations":[],"atum_stock_status":"outofstock","restock_status":false,"low_stock_amount":"","sales_update_date":"2026-04-10T05:58:46","calc_backorders":null,"_links":{"self":[{"href":"https:\/\/jijitattoo.com\/index.php?rest_route=\/wp\/v2\/product\/2233","targetHints":{"allow":["GET"]}}],"collection":[{"href":"https:\/\/jijitattoo.com\/index.php?rest_route=\/wp\/v2\/product"}],"about":[{"href":"https:\/\/jijitattoo.com\/index.php?rest_route=\/wp\/v2\/types\/product"}],"replies":[{"embeddable":true,"href":"https:\/\/jijitattoo.com\/index.php?rest_route=%2Fwp%2Fv2%2Fcomments&post=2233"}],"wp:featuredmedia":[{"embeddable":true,"href":"https:\/\/jijitattoo.com\/index.php?rest_route=\/wp\/v2\/media\/2235"}],"wp:attachment":[{"href":"https:\/\/jijitattoo.com\/index.php?rest_route=%2Fwp%2Fv2%2Fmedia&parent=2233"}],"wp:term":[{"taxonomy":"product_brand","embeddable":true,"href":"https:\/\/jijitattoo.com\/index.php?rest_route=%2Fwp%2Fv2%2Fproduct_brand&post=2233"},{"taxonomy":"product_cat","embeddable":true,"href":"https:\/\/jijitattoo.com\/index.php?rest_route=%2Fwp%2Fv2%2Fproduct_cat&post=2233"},{"taxonomy":"product_tag","embeddable":true,"href":"https:\/\/jijitattoo.com\/index.php?rest_route=%2Fwp%2Fv2%2Fproduct_tag&post=2233"}],"curies":[{"name":"wp","href":"https:\/\/api.w.org\/{rel}","templated":true}]}}