{"id":2242,"date":"2025-12-27T19:39:39","date_gmt":"2025-12-27T19:39:39","guid":{"rendered":"https:\/\/jijitattoo.com\/?post_type=product&#038;p=2242"},"modified":"2025-12-27T19:41:45","modified_gmt":"2025-12-27T19:41:45","slug":"like-butter-topicals","status":"publish","type":"product","link":"https:\/\/jijitattoo.com\/?product=like-butter-topicals","title":{"rendered":"Like Butter Topicals"},"content":{"rendered":"<p><em data-start=\"376\" data-end=\"389\">Like Butter<\/em> est <strong data-start=\"394\" data-end=\"429\">un hydratant quotidien intensif<\/strong>, con\u00e7u pour <strong data-start=\"442\" data-end=\"524\">nourrir profond\u00e9ment, apaiser les irritations et renforcer la barri\u00e8re cutan\u00e9e<\/strong>, en particulier sur les zones <strong data-start=\"555\" data-end=\"593\">tr\u00e8s s\u00e8ches ou sujettes \u00e0 l\u2019ecz\u00e9ma<\/strong>. Malgr\u00e9 son nom, il ne laisse <strong data-start=\"624\" data-end=\"667\">pas de sensation grasse comme du beurre<\/strong>, mais une peau <strong data-start=\"683\" data-end=\"714\">douce, lisse et confortable<\/strong>.<br \/>\n\u2714\ufe0f Combine <strong data-start=\"3537\" data-end=\"3568\">soin et traitement apaisant<\/strong> \u2014 hydrate tout en calmant l\u2019inconfort. <br data-start=\"3647\" data-end=\"3650\" \/>\u2714\ufe0f <strong data-start=\"3653\" data-end=\"3668\">Sans parfum<\/strong> et adapt\u00e9 pour usage long terme.\u00a0<br data-start=\"3741\" data-end=\"3744\" \/>\u2714\ufe0f Peut \u00eatre utilis\u00e9 sur <strong data-start=\"3769\" data-end=\"3814\">visage, mains, corps ou zones tr\u00e8s s\u00e8ches<\/strong>.<\/p>\n","protected":false},"excerpt":{"rendered":"<p>Like Butter est un hydratant quotidien intensif, con\u00e7u pour nourrir profond\u00e9ment, apaiser les irritations et renforcer la barri\u00e8re cutan\u00e9e, en particulier sur les zones tr\u00e8s s\u00e8ches ou sujettes \u00e0 l\u2019ecz\u00e9ma. Malgr\u00e9 son nom, il ne laisse pas de sensation grasse comme du beurre, mais une peau douce, lisse et confortable. \u2714\ufe0f Combine soin et traitement [&hellip;]<\/p>\n","protected":false},"featured_media":2243,"comment_status":"open","ping_status":"closed","template":"","meta":[],"product_brand":[],"product_cat":[15],"product_tag":[],"class_list":{"0":"post-2242","1":"product","2":"type-product","3":"status-publish","4":"has-post-thumbnail","6":"product_cat-uncategorized","8":"first","9":"instock","10":"shipping-taxable","11":"purchasable","12":"product-type-simple"},"supplier_id":null,"supplier_sku":"","barcode":null,"atum_controlled":true,"out_stock_date":null,"out_stock_threshold":null,"inheritable":false,"inbound_stock":null,"stock_on_hold":0,"sold_today":0,"sales_last_days":0,"reserved_stock":null,"customer_returns":null,"warehouse_damage":null,"lost_in_post":null,"other_logs":null,"out_stock_days":0,"lost_sales":0,"has_location":false,"update_date":"2026-04-10T05:58:46","atum_locations":[],"atum_stock_status":"instock","restock_status":false,"low_stock_amount":"","sales_update_date":"2026-04-10T05:58:46","calc_backorders":null,"_links":{"self":[{"href":"https:\/\/jijitattoo.com\/index.php?rest_route=\/wp\/v2\/product\/2242","targetHints":{"allow":["GET"]}}],"collection":[{"href":"https:\/\/jijitattoo.com\/index.php?rest_route=\/wp\/v2\/product"}],"about":[{"href":"https:\/\/jijitattoo.com\/index.php?rest_route=\/wp\/v2\/types\/product"}],"replies":[{"embeddable":true,"href":"https:\/\/jijitattoo.com\/index.php?rest_route=%2Fwp%2Fv2%2Fcomments&post=2242"}],"wp:featuredmedia":[{"embeddable":true,"href":"https:\/\/jijitattoo.com\/index.php?rest_route=\/wp\/v2\/media\/2243"}],"wp:attachment":[{"href":"https:\/\/jijitattoo.com\/index.php?rest_route=%2Fwp%2Fv2%2Fmedia&parent=2242"}],"wp:term":[{"taxonomy":"product_brand","embeddable":true,"href":"https:\/\/jijitattoo.com\/index.php?rest_route=%2Fwp%2Fv2%2Fproduct_brand&post=2242"},{"taxonomy":"product_cat","embeddable":true,"href":"https:\/\/jijitattoo.com\/index.php?rest_route=%2Fwp%2Fv2%2Fproduct_cat&post=2242"},{"taxonomy":"product_tag","embeddable":true,"href":"https:\/\/jijitattoo.com\/index.php?rest_route=%2Fwp%2Fv2%2Fproduct_tag&post=2242"}],"curies":[{"name":"wp","href":"https:\/\/api.w.org\/{rel}","templated":true}]}}