{"id":2258,"date":"2025-12-27T20:17:36","date_gmt":"2025-12-27T20:17:36","guid":{"rendered":"https:\/\/jijitattoo.com\/?post_type=product&#038;p=2258"},"modified":"2025-12-27T20:17:36","modified_gmt":"2025-12-27T20:17:36","slug":"high-roller-topical","status":"publish","type":"product","link":"https:\/\/jijitattoo.com\/?product=high-roller-topical","title":{"rendered":"High Roller Topical"},"content":{"rendered":"<p><em data-start=\"527\" data-end=\"540\">High Roller<\/em> est un <strong data-start=\"548\" data-end=\"573\">s\u00e9rum exfoliant l\u00e9ger<\/strong> (souvent pr\u00e9sent\u00e9 en flacon avec applicateur roll\u2011on) destin\u00e9 \u00e0 <strong data-start=\"638\" data-end=\"680\">soigner et pr\u00e9venir les poils incarn\u00e9s<\/strong>, calmer les irritations de la peau apr\u00e8s rasage ou \u00e9pilation, et <strong data-start=\"746\" data-end=\"776\">adoucir la texture cutan\u00e9e<\/strong>. Gr\u00e2ce \u00e0 une combinaison d\u2019acides exfoliants et d\u2019ingr\u00e9dients apaisants, il aide aussi \u00e0 minimiser les rougeurs, les bosses et peut am\u00e9liorer l\u2019apparence <strong data-start=\"931\" data-end=\"970\">des zones rugueuses ou irr\u00e9guli\u00e8res<\/strong>.<\/p>\n<p>Convient \u00e0 ceux qui veulent <strong data-start=\"3636\" data-end=\"3729\">\u00e9viter ou r\u00e9duire les poils incarn\u00e9s, les pousses sous\u2011peau et les irr\u00e9gularit\u00e9s cutan\u00e9es<\/strong> apr\u00e8s rasage\/\u00e9pilation.\u00a0<br data-start=\"3793\" data-end=\"3796\" \/>\u00a0Adapt\u00e9 aux <strong data-start=\"3809\" data-end=\"3828\">zones sensibles<\/strong> comme le bikini, les aisselles, le visage ou le cou.<br data-start=\"3921\" data-end=\"3924\" \/>Peut aider les peaux sujettes \u00e0 <strong data-start=\"3958\" data-end=\"4030\">rougeurs, texture rugueuse ou petits boutons li\u00e9s aux poils incarn\u00e9s<\/strong>.<\/p>\n","protected":false},"excerpt":{"rendered":"<p>High Roller est un s\u00e9rum exfoliant l\u00e9ger (souvent pr\u00e9sent\u00e9 en flacon avec applicateur roll\u2011on) destin\u00e9 \u00e0 soigner et pr\u00e9venir les poils incarn\u00e9s, calmer les irritations de la peau apr\u00e8s rasage ou \u00e9pilation, et adoucir la texture cutan\u00e9e. Gr\u00e2ce \u00e0 une combinaison d\u2019acides exfoliants et d\u2019ingr\u00e9dients apaisants, il aide aussi \u00e0 minimiser les rougeurs, les bosses [&hellip;]<\/p>\n","protected":false},"featured_media":2259,"comment_status":"open","ping_status":"closed","template":"","meta":[],"product_brand":[],"product_cat":[15],"product_tag":[],"class_list":{"0":"post-2258","1":"product","2":"type-product","3":"status-publish","4":"has-post-thumbnail","6":"product_cat-uncategorized","8":"first","9":"instock","10":"shipping-taxable","11":"purchasable","12":"product-type-simple"},"supplier_id":null,"supplier_sku":"","barcode":null,"atum_controlled":true,"out_stock_date":null,"out_stock_threshold":null,"inheritable":false,"inbound_stock":null,"stock_on_hold":0,"sold_today":0,"sales_last_days":0,"reserved_stock":null,"customer_returns":null,"warehouse_damage":null,"lost_in_post":null,"other_logs":null,"out_stock_days":0,"lost_sales":0,"has_location":false,"update_date":"2026-04-10T05:58:46","atum_locations":[],"atum_stock_status":"instock","restock_status":false,"low_stock_amount":"","sales_update_date":"2026-04-10T05:58:46","calc_backorders":null,"_links":{"self":[{"href":"https:\/\/jijitattoo.com\/index.php?rest_route=\/wp\/v2\/product\/2258","targetHints":{"allow":["GET"]}}],"collection":[{"href":"https:\/\/jijitattoo.com\/index.php?rest_route=\/wp\/v2\/product"}],"about":[{"href":"https:\/\/jijitattoo.com\/index.php?rest_route=\/wp\/v2\/types\/product"}],"replies":[{"embeddable":true,"href":"https:\/\/jijitattoo.com\/index.php?rest_route=%2Fwp%2Fv2%2Fcomments&post=2258"}],"wp:featuredmedia":[{"embeddable":true,"href":"https:\/\/jijitattoo.com\/index.php?rest_route=\/wp\/v2\/media\/2259"}],"wp:attachment":[{"href":"https:\/\/jijitattoo.com\/index.php?rest_route=%2Fwp%2Fv2%2Fmedia&parent=2258"}],"wp:term":[{"taxonomy":"product_brand","embeddable":true,"href":"https:\/\/jijitattoo.com\/index.php?rest_route=%2Fwp%2Fv2%2Fproduct_brand&post=2258"},{"taxonomy":"product_cat","embeddable":true,"href":"https:\/\/jijitattoo.com\/index.php?rest_route=%2Fwp%2Fv2%2Fproduct_cat&post=2258"},{"taxonomy":"product_tag","embeddable":true,"href":"https:\/\/jijitattoo.com\/index.php?rest_route=%2Fwp%2Fv2%2Fproduct_tag&post=2258"}],"curies":[{"name":"wp","href":"https:\/\/api.w.org\/{rel}","templated":true}]}}