{"id":2262,"date":"2025-12-27T20:27:25","date_gmt":"2025-12-27T20:27:25","guid":{"rendered":"https:\/\/jijitattoo.com\/?post_type=product&#038;p=2262"},"modified":"2026-01-28T01:55:24","modified_gmt":"2026-01-28T01:55:24","slug":"alpha-arbutin-serum","status":"publish","type":"product","link":"https:\/\/jijitattoo.com\/?product=alpha-arbutin-serum","title":{"rendered":"Alpha Arbutin Serum"},"content":{"rendered":"<p>Un <strong data-start=\"212\" data-end=\"246\">s\u00e9rum \u00e0 base d\u2019<em data-start=\"229\" data-end=\"244\">alpha\u2011arbutin<\/em><\/strong>, un ingr\u00e9dient actif <strong data-start=\"268\" data-end=\"300\">anti\u2011taches et \u00e9claircissant<\/strong>, souvent formul\u00e9 avec des ingr\u00e9dients hydratants comme l\u2019acide hyaluronique pour une efficacit\u00e9 optimale sur la peau\u202fdu visage.<\/p>\n<p>\u2714\ufe0f <strong data-start=\"915\" data-end=\"967\">Att\u00e9nue les taches brunes et l\u2019hyperpigmentation<\/strong><br data-start=\"967\" data-end=\"970\" \/>\u2714\ufe0f <strong data-start=\"973\" data-end=\"1003\">Unifie et \u00e9claire le teint<\/strong><br data-start=\"1003\" data-end=\"1006\" \/>\u2714\ufe0f <strong data-start=\"1009\" data-end=\"1046\">Peau plus lisse et plus lumineuse<\/strong><br data-start=\"1046\" data-end=\"1049\" \/>\u2714\ufe0f Peut \u00eatre doux et <strong data-start=\"1070\" data-end=\"1105\">adapt\u00e9 \u00e0 tous les types de peau<\/strong>, m\u00eame sensibles (si formulation correcte).<\/p>\n<p data-start=\"2500\" data-end=\"2569\">\u00a0Convient \u00e0 toutes les peaux, surtout celles qui veulent r\u00e9duire :<\/p>\n<ul data-start=\"2570\" data-end=\"2728\">\n<li data-start=\"2570\" data-end=\"2609\">\n<p data-start=\"2572\" data-end=\"2609\">les <strong data-start=\"2576\" data-end=\"2606\">taches brunes et post\u2011acn\u00e9<\/strong>,<\/p>\n<\/li>\n<li data-start=\"2610\" data-end=\"2652\">\n<p data-start=\"2612\" data-end=\"2652\">les <strong data-start=\"2616\" data-end=\"2649\">zones de pigmentation in\u00e9gale<\/strong>,<\/p>\n<\/li>\n<li data-start=\"2653\" data-end=\"2728\">\n<p data-start=\"2655\" data-end=\"2728\">un <strong data-start=\"2658\" data-end=\"2687\">teint terne ou irr\u00e9gulier<\/strong><\/p>\n<\/li>\n<\/ul>\n","protected":false},"excerpt":{"rendered":"<p>Un s\u00e9rum \u00e0 base d\u2019alpha\u2011arbutin, un ingr\u00e9dient actif anti\u2011taches et \u00e9claircissant, souvent formul\u00e9 avec des ingr\u00e9dients hydratants comme l\u2019acide hyaluronique pour une efficacit\u00e9 optimale sur la peau\u202fdu visage. \u2714\ufe0f Att\u00e9nue les taches brunes et l\u2019hyperpigmentation\u2714\ufe0f Unifie et \u00e9claire le teint\u2714\ufe0f Peau plus lisse et plus lumineuse\u2714\ufe0f Peut \u00eatre doux et adapt\u00e9 \u00e0 tous les types [&hellip;]<\/p>\n","protected":false},"featured_media":2263,"comment_status":"open","ping_status":"closed","template":"","meta":[],"product_brand":[],"product_cat":[15],"product_tag":[],"class_list":{"0":"post-2262","1":"product","2":"type-product","3":"status-publish","4":"has-post-thumbnail","6":"product_cat-uncategorized","8":"first","9":"instock","10":"shipping-taxable","11":"purchasable","12":"product-type-simple"},"supplier_id":null,"supplier_sku":"","barcode":null,"atum_controlled":true,"out_stock_date":null,"out_stock_threshold":null,"inheritable":false,"inbound_stock":null,"stock_on_hold":1,"sold_today":0,"sales_last_days":0,"reserved_stock":null,"customer_returns":null,"warehouse_damage":null,"lost_in_post":null,"other_logs":null,"out_stock_days":0,"lost_sales":0,"has_location":false,"update_date":"2026-04-10T05:58:46","atum_locations":[],"atum_stock_status":"instock","restock_status":false,"low_stock_amount":"","sales_update_date":"2026-04-10T05:58:46","calc_backorders":null,"_links":{"self":[{"href":"https:\/\/jijitattoo.com\/index.php?rest_route=\/wp\/v2\/product\/2262","targetHints":{"allow":["GET"]}}],"collection":[{"href":"https:\/\/jijitattoo.com\/index.php?rest_route=\/wp\/v2\/product"}],"about":[{"href":"https:\/\/jijitattoo.com\/index.php?rest_route=\/wp\/v2\/types\/product"}],"replies":[{"embeddable":true,"href":"https:\/\/jijitattoo.com\/index.php?rest_route=%2Fwp%2Fv2%2Fcomments&post=2262"}],"wp:featuredmedia":[{"embeddable":true,"href":"https:\/\/jijitattoo.com\/index.php?rest_route=\/wp\/v2\/media\/2263"}],"wp:attachment":[{"href":"https:\/\/jijitattoo.com\/index.php?rest_route=%2Fwp%2Fv2%2Fmedia&parent=2262"}],"wp:term":[{"taxonomy":"product_brand","embeddable":true,"href":"https:\/\/jijitattoo.com\/index.php?rest_route=%2Fwp%2Fv2%2Fproduct_brand&post=2262"},{"taxonomy":"product_cat","embeddable":true,"href":"https:\/\/jijitattoo.com\/index.php?rest_route=%2Fwp%2Fv2%2Fproduct_cat&post=2262"},{"taxonomy":"product_tag","embeddable":true,"href":"https:\/\/jijitattoo.com\/index.php?rest_route=%2Fwp%2Fv2%2Fproduct_tag&post=2262"}],"curies":[{"name":"wp","href":"https:\/\/api.w.org\/{rel}","templated":true}]}}